{"id":12686,"date":"2021-01-15T11:20:44","date_gmt":"2021-01-15T10:20:44","guid":{"rendered":"http:\/\/onclepaul.fr\/?page_id=12686"},"modified":"2021-05-01T15:53:06","modified_gmt":"2021-05-01T13:53:06","slug":"technologie-imagerie-par-projection","status":"publish","type":"page","link":"https:\/\/onclepaul.fr\/?page_id=12686","title":{"rendered":"Technologie imagerie par projection"},"content":{"rendered":"\n<ul><li><a href=\"http:\/\/onclepaul.net\/wp-content\/uploads\/2011\/07\/RX-bases-physiques-productionatt\u00e9nuationFILEminimizer.pps\">RX bases physiques production, att\u00e9nuation<\/a><\/li><li><a href=\"http:\/\/onclepaul.net\/wp-content\/uploads\/2011\/07\/imagerie-par-projection-1-DR-2012FILEminimizer2.pps\">Tubes radiog\u00e8nes et g\u00e9n\u00e9rateurs\u00a0<\/a><\/li><li><a href=\"http:\/\/onclepaul.net\/wp-content\/uploads\/2011\/07\/imagerie-par-projection-2-DR-2012FILEminimizer.pps\">Imagerie par projection, facteurs de qualit\u00e9 de l&rsquo;image<\/a><\/li><li><a href=\"http:\/\/onclepaul.net\/wp-content\/uploads\/2011\/07\/imagerie-par-projection-3-DR-2012FILEminimizer1.pps\">Amplificateur de luminance . TV radiologique\u00a0<\/a><\/li><li><a href=\"http:\/\/onclepaul.fr\/wp-content\/uploads\/2011\/07\/imagerie-OA-2016-1.pdf\">Imagerie ost\u00e9oarticulaire par projection \u00a0<\/a><\/li><li><a href=\"http:\/\/onclepaul.net\/wp-content\/uploads\/2011\/07\/imagerie-m\u00e9dicale-intro-01.pdf\">Imagerie m\u00e9dicale intro 01 A\u00a0<\/a><\/li><li><a href=\"http:\/\/onclepaul.net\/wp-content\/uploads\/2011\/07\/imagerie-m\u00e9dicale-intro-02.pdf\">Imagerie m\u00e9dicale intro 01 B<\/a><\/li><\/ul>\n\n\n\n<h3 class=\"wp-block-heading\"><strong>Publications<\/strong><\/h3>\n\n\n\n<p><a href=\"http:\/\/onclepaul.fr\/wp-content\/uploads\/2011\/07\/production-des-rayons-X-20131.pdf\">production des rayons X 2013<\/a><\/p>\n\n\n\n<ul><li><a href=\"http:\/\/onclepaul.net\/wp-content\/uploads\/2011\/07\/Soustraction-en-couleurs-dOosterkamp-en-angio-abdominaleFILEminimizer.pdf\">Soustraction en couleurs d&rsquo;Oosterkamp en angio abdominale, J. Radiol. Electrol., 1973<\/a><\/li><li><a href=\"http:\/\/onclepaul.net\/wp-content\/uploads\/2011\/07\/Modulation-du-faisceau-de-rayons-X-par-filtres-dodger.pdf\">Modulation du faisceau de rayons X par filtres dodger, J. Radio. Elect., 1975<\/a><\/li><li><a href=\"http:\/\/onclepaul.net\/wp-content\/uploads\/2011\/07\/Ampliphotographie-105-mm-\u00e0-cadence-rapide1.pdf\">Ampliphotographie 105 mm \u00e0 cadence rapide, J. Radio. Elect., 1975<\/a><\/li><li><a href=\"http:\/\/onclepaul.net\/wp-content\/uploads\/2011\/07\/Ampliphotographie_105-mm-\u00e0-cadence-rapide.pdf\">Ampliphotographie_105 mm \u00e0 cadence rapide<\/a>, Acta Endoscopica, 1975<\/li><li><a href=\"http:\/\/onclepaul.net\/wp-content\/uploads\/2011\/07\/Utilisation-filtres-dodger-en-ost\u00e9o-art.pdf\">Utilisation filtres dodger en ost\u00e9o-art<\/a>,\u00a0<a href=\"http:\/\/onclepaul.net\/wp-content\/uploads\/2011\/07\/Utilisation-filtres-dodger-en-ost\u00e9o-art.pdf\">Revue du Rhumatisme, 1976<\/a><\/li><li><a href=\"http:\/\/onclepaul.net\/wp-content\/uploads\/2011\/07\/Les-accidents-dus-aux-PC-iod\u00e9s.pdf\">Les accidents dus aux PC iod\u00e9s, La M\u00e9decine Praticienne, 1980<\/a><\/li><li><a href=\"http:\/\/onclepaul.net\/wp-content\/uploads\/2011\/07\/Effets-compar\u00e9s-sur-le-transit-digestifFILEminimizer.pdf\">Effets compar\u00e9s sur le transit digestif, Ann. M\u00e9d. Nancy, 1982<\/a><\/li><li><a href=\"http:\/\/onclepaul.net\/wp-content\/uploads\/2011\/07\/Mise-en-\u00e9vidence-du-syst\u00e8me-art.-au-cours-dune-phl\u00e9bographie-du-membre-inf.-pour-phl\u00e9bite-bleueFILEminimizer.pdf\">Mise en \u00e9vidence du syst\u00e8me art. au cours d&rsquo;une phl\u00e9bographie du membre inf. pour phl\u00e9bite bleue, J. Radiol., 1987<\/a><\/li><li><a href=\"http:\/\/onclepaul.fr\/wp-content\/uploads\/2011\/07\/tubes-radiog\u00e8nes-et-production-des-rayons-X.pdf\">Tubes radiog\u00e8nes et production des rayons X<\/a><\/li><li><a href=\"http:\/\/onclepaul.net\/wp-content\/uploads\/2011\/07\/art\u00e9rio-s\u00e9lective-des-troncs-supra-aortiques-par-voie-hum\u00e9rale-D-4FFILEminimizer.pdf\">Art\u00e9rio s\u00e9lective des troncs supra-aortiques par voie hum\u00e9rale D (4F), J. Radiol., 1993<\/a><\/li><\/ul>\n","protected":false},"excerpt":{"rendered":"<p>RX bases physiques production, att\u00e9nuation Tubes radiog\u00e8nes et g\u00e9n\u00e9rateurs\u00a0 Imagerie par projection, facteurs de qualit\u00e9 de l&rsquo;image Amplificateur de luminance . TV radiologique\u00a0 Imagerie ost\u00e9oarticulaire par projection \u00a0 Imagerie m\u00e9dicale intro 01 A\u00a0 Imagerie m\u00e9dicale intro 01 B Publications production des rayons X 2013 Soustraction en couleurs d&rsquo;Oosterkamp en angio abdominale, J. Radiol. Electrol., 1973 &hellip; <\/p>\n<p><a class=\"more-link btn\" href=\"https:\/\/onclepaul.fr\/?page_id=12686\">Lire la suite<\/a><\/p>\n","protected":false},"author":1,"featured_media":0,"parent":12684,"menu_order":1,"comment_status":"closed","ping_status":"closed","template":"","meta":[],"_links":{"self":[{"href":"https:\/\/onclepaul.fr\/index.php?rest_route=\/wp\/v2\/pages\/12686"}],"collection":[{"href":"https:\/\/onclepaul.fr\/index.php?rest_route=\/wp\/v2\/pages"}],"about":[{"href":"https:\/\/onclepaul.fr\/index.php?rest_route=\/wp\/v2\/types\/page"}],"author":[{"embeddable":true,"href":"https:\/\/onclepaul.fr\/index.php?rest_route=\/wp\/v2\/users\/1"}],"replies":[{"embeddable":true,"href":"https:\/\/onclepaul.fr\/index.php?rest_route=%2Fwp%2Fv2%2Fcomments&post=12686"}],"version-history":[{"count":5,"href":"https:\/\/onclepaul.fr\/index.php?rest_route=\/wp\/v2\/pages\/12686\/revisions"}],"predecessor-version":[{"id":13349,"href":"https:\/\/onclepaul.fr\/index.php?rest_route=\/wp\/v2\/pages\/12686\/revisions\/13349"}],"up":[{"embeddable":true,"href":"https:\/\/onclepaul.fr\/index.php?rest_route=\/wp\/v2\/pages\/12684"}],"wp:attachment":[{"href":"https:\/\/onclepaul.fr\/index.php?rest_route=%2Fwp%2Fv2%2Fmedia&parent=12686"}],"curies":[{"name":"wp","href":"https:\/\/api.w.org\/{rel}","templated":true}]}}