{"id":36,"date":"2011-07-20T13:06:32","date_gmt":"2011-07-20T11:06:32","guid":{"rendered":"http:\/\/radiologie-brabois.com\/?page_id=36"},"modified":"2021-02-23T15:39:51","modified_gmt":"2021-02-23T14:39:51","slug":"archives","status":"publish","type":"page","link":"https:\/\/onclepaul.fr\/?page_id=36","title":{"rendered":"Pathologies multi-organes"},"content":{"rendered":"\n<ul><li><a href=\"http:\/\/onclepaul.fr\/wp-content\/uploads\/2011\/07\/h\u00e9t\u00e9rotaxie-visc\u00e9rale-et-situs-inversus-complet-.pdf\">LM CC multiorganes st\u00e9rotaxie-visc\u00e9rale-et-situs-inversus-complet<\/a><\/li><li><a href=\"http:\/\/onclepaul.net\/wp-content\/uploads\/2011\/07\/systeme-1FILEminimizer1.pdf\">LM CC multiorgane ent\u00e9rite lupique<\/a><\/li><li><a href=\"http:\/\/onclepaul.net\/wp-content\/uploads\/2011\/07\/Erdheim-Chester-NC-2009++++.pptFILEminimizer1.pdf\">D CC multiorgane Erdheim-Chester<\/a><\/li><li><a href=\"http:\/\/onclepaul.net\/wp-content\/uploads\/2011\/07\/surr\u00e9nale-FILEminimizer4.pdf\">LM CC &nbsp;multiorgane ph\u00e9ochromocytome et grossesse<\/a><\/li><li><a href=\"http:\/\/onclepaul.net\/wp-content\/uploads\/2011\/07\/rein-sFILEminimizer2.pdf\">LM CC multiorgane sarco\u00efdose r\u00e9nale<\/a><\/li><li><a href=\"http:\/\/onclepaul.net\/wp-content\/uploads\/2011\/07\/peritoine-fmfFILEminimizer3.pdf\">LM CC multiorgane fi\u00e8vre m\u00e9diterran\u00e9enne familiale<\/a><\/li><li><a href=\"http:\/\/onclepaul.net\/wp-content\/uploads\/2011\/07\/mo-crFILEminimizer2.pdf\">LM CC multiorgane syndrome CREST<\/a><\/li><li><a href=\"http:\/\/onclepaul.net\/wp-content\/uploads\/2011\/07\/csFILEminimizer2.pdf\">LM CC multiorgane &nbsp;syndrome (vascularite) de Churg et Strauss<\/a><\/li><li><a href=\"http:\/\/onclepaul.net\/wp-content\/uploads\/2011\/07\/stbFILEminimizer1.pdf\">LM CC multiorgane scl\u00e9rose tub\u00e9reuse de Bourneville l\u00e9sions r\u00e9nales<\/a><\/li><li><a href=\"http:\/\/onclepaul.net\/wp-content\/uploads\/2011\/07\/frpp-FILEminimizer2.pdf\">LM CC multiorgane fibrose r\u00e9trop\u00e9riton\u00e9ale et IgG4<\/a><\/li><li><a href=\"http:\/\/onclepaul.net\/wp-content\/uploads\/2011\/07\/maomFILEminimizer5.pdf\">LM CC multiorgane mastocytose ost\u00e9o-m\u00e9dullaire<\/a><\/li><li><a href=\"http:\/\/onclepaul.net\/wp-content\/uploads\/2011\/07\/scinFILEminimizer1.pdf\">D CC multiorgane &nbsp;pseudo obstruction intest. chron. sclerodermie<\/a><\/li><li><a href=\"http:\/\/onclepaul.fr\/wp-content\/uploads\/2011\/07\/TEP-et-lymphomes-crit\u00e8res-de-Lugano2.pdf\">D CC TEP &nbsp;et lymphomes crit\u00e8res de Lugano<\/a><\/li><li><a href=\"http:\/\/onclepaul.fr\/wp-content\/uploads\/2011\/07\/fibrose-\u00e0-IgG4-med-nu-2014.pdf\">LM CC multiorgane fibrose \u00e0 IgG4<\/a><\/li><li><a href=\"http:\/\/onclepaul.net\/wp-content\/uploads\/2011\/07\/macaFILEminimizer2.pdf\">LM CC multiorganes maladie de Castelman<\/a><\/li><li><a href=\"http:\/\/onclepaul.net\/wp-content\/uploads\/2011\/07\/adpaeFILEminimizer2.pdf\">LM CC multiorgane hyperparathyro\u00efdie ad\u00e9nome ectopique&nbsp;<\/a><\/li><li><a href=\"http:\/\/onclepaul.fr\/wp-content\/uploads\/2011\/07\/histiocytoses-langerhansiennes-.pdf\">LM CC multi-organes histiocytoses langerhansiennes<\/a><\/li><li><a href=\"http:\/\/onclepaul.net\/wp-content\/uploads\/2011\/07\/plapanFILEminimizer2.pdf\">D CC multiorganes &nbsp;plasmocytomes extra-osseux abdominaux&nbsp;<\/a><\/li><li><a href=\"http:\/\/onclepaul.fr\/wp-content\/uploads\/2011\/07\/ganglioneuromatose-du-gr\u00eale-1-1.pdf\">&nbsp;D CC multiorganes ganglioneuromatose du gr\u00eale<\/a><\/li><li><a href=\"http:\/\/onclepaul.net\/?attachment_id=6286\">D CC thorax&nbsp;Behcet&nbsp; an\u00e9vrysme art\u00e8re pulmonaire thr ilio-cave<\/a><\/li><li><a href=\"http:\/\/onclepaul.net\/wp-content\/uploads\/2011\/07\/acel2.pdf\">D CC multiorganes syndrome de Weber-Christian&nbsp;<\/a><\/li><li><a href=\"http:\/\/onclepaul.fr\/wp-content\/uploads\/2011\/07\/finer1.pdf\">D CC multiorganes neurofibromes plexiformes NFM 1<\/a><\/li><li><a href=\"http:\/\/onclepaul.fr\/wp-content\/uploads\/2011\/07\/camyl1.pdf\">D CC multiorganes amylose calcifi\u00e9e du r\u00e9trop\u00e9ritoine<\/a><\/li><li><a href=\"http:\/\/onclepaul.fr\/wp-content\/uploads\/2011\/07\/LMNH-NK1.pdf\">D CC multiorganes LMNH \u00e0 cellules N<\/a><\/li><li><a href=\"http:\/\/onclepaul.fr\/wp-content\/uploads\/2011\/07\/amylose-thraco-abominale2.pdf\">D C CC multiorganes amylose thoraco-abominale<\/a><\/li><li><a href=\"http:\/\/onclepaul.fr\/wp-content\/uploads\/2011\/07\/Toxico4.pdf\">LM CC multiorganes imagerie &nbsp;et &nbsp;drogues &nbsp;<\/a><\/li><li><a href=\"http:\/\/onclepaul.fr\/wp-content\/uploads\/2011\/07\/TEP-et-lymphomes-crit\u00e8res-de-Lugano3.pdf\">LM CC TEP-et-lymphomes-crit\u00e8res-de-Lugano<\/a><\/li><li><a href=\"http:\/\/onclepaul.fr\/wp-content\/uploads\/2011\/07\/VHL-pancreas-1.pdf\">LM CC multiorganes maladie de Von Hippel Lindau&nbsp;<\/a><\/li><li><a href=\"http:\/\/onclepaul.fr\/wp-content\/uploads\/2011\/07\/syndrome-des-antiphospholipides.pdf\">LM CC syndrome des antiphospholipides<\/a><\/li><li><a href=\"http:\/\/onclepaul.fr\/wp-content\/uploads\/2011\/07\/maladie-de-Perthes-Jungling2.pdf\">LM CC dactylite sarco\u00efdosique maladie de Perthes-Jungling<\/a><\/li><li><a href=\"http:\/\/onclepaul.fr\/wp-content\/uploads\/2011\/07\/sd-des-antisynth\u00e9tase.pdf\">D CC syndrome &nbsp;des antisynth\u00e9tases<\/a><\/li><li><a href=\"http:\/\/onclepaul.fr\/wp-content\/uploads\/2011\/07\/miliaire-m\u00e9ningit-BK.pdf\">LM CC thorax miliaire &nbsp;et m\u00e9ningite BK &nbsp; &nbsp;<\/a><\/li><li><a href=\"http:\/\/onclepaul.fr\/wp-content\/uploads\/2011\/07\/polyang\u00e9ite-microscopique1.pdf\">LM CC thorax polyang\u00e9ite microscopique<\/a><\/li><li><a href=\"http:\/\/onclepaul.fr\/wp-content\/uploads\/2011\/07\/blue-rubber-bled-nevus-syndrome.pdf\">&nbsp;D CC multi-organes Blue rubber bled nevus syndrome<\/a><\/li><li><a href=\"http:\/\/onclepaul.fr\/wp-content\/uploads\/2011\/07\/Maladie-de-Castelman-02.pdf\">LM CC multi organes maladie de Castelman&nbsp;<\/a><\/li><li><a href=\"http:\/\/onclepaul.fr\/wp-content\/uploads\/2011\/07\/maladie-de-Whipple-digestive2.pdf\">D CC multi-organes maladie de Whipple digestive<\/a><\/li><li><a href=\"http:\/\/onclepaul.fr\/wp-content\/uploads\/2011\/07\/amylosee-HEM1.pdf\">D CC multi-otganes amylosee HEM<\/a><\/li><li><a href=\"http:\/\/onclepaul.fr\/wp-content\/uploads\/2011\/07\/tuberculose-c\u00e9r\u00e9bro-m\u00e9ning\u00e9e-.pdf\">LM CC tuberculose-multivisc\u00e9rale&nbsp;<\/a><\/li><li><a href=\"http:\/\/onclepaul.fr\/wp-content\/uploads\/2011\/07\/syndrome-de-Carney-Strarakis.pdf\">D CC syndrome-de-carney-stratakis<\/a><\/li><li><a href=\"http:\/\/onclepaul.fr\/wp-content\/uploads\/2011\/07\/h\u00e9matopo\u00ef\u00e8se-extram\u00e9dullaire.pdf\">D CC hematopo\u00ef\u00e8se-extramedullaire imagerie<\/a><\/li><li><a href=\"http:\/\/onclepaul.fr\/wp-content\/uploads\/2011\/07\/h\u00e9morragie-alv\u00e9olaire-Wegener1.pdf\">LM CC h\u00e9morragie-alv\u00e9olaire-Wegener<\/a><\/li><li><a href=\"http:\/\/onclepaul.fr\/wp-content\/uploads\/2011\/07\/Wegener-rate11.pdf\">D CC &nbsp;Wegener-rate<\/a><\/li><li><a href=\"http:\/\/onclepaul.fr\/wp-content\/uploads\/2011\/07\/invalFILEminimizer1-1.pdf\">LM CC Wegener halo invers<\/a>\u00e9<\/li><li><a href=\"http:\/\/onclepaul.fr\/wp-content\/uploads\/2011\/07\/pseudoxaxnthome-elastique.pdf\">LM CC pseudoxaxnthome elastique<\/a><\/li><li><a href=\"http:\/\/onclepaul.fr\/wp-content\/uploads\/2011\/07\/granulomatose-avec-polynag\u00e9ite-final.ppt\">&nbsp;D CC granulomatose avec polyang\u00e9ite<\/a><\/li><li><a href=\"http:\/\/onclepaul.fr\/wp-content\/uploads\/2011\/07\/Maladie-de-Gaucher-rachis1.pdf\">D CC ost\u00e9o-artic Maladie de Gaucher rachis<\/a><\/li><li><a href=\"http:\/\/onclepaul.fr\/wp-content\/uploads\/2011\/07\/mucormycoses-.pdf\">D CC mucormycoses<\/a><\/li><li><a href=\"http:\/\/onclepaul.fr\/wp-content\/uploads\/2011\/07\/h\u00e9matomes-des-surr\u00e9nales.pdf\">LM CC multi-organes&nbsp; h\u00e9matomes des surr\u00e9nales<\/a><\/li><li><a href=\"http:\/\/onclepaul.fr\/wp-content\/uploads\/2011\/07\/maladie-de-Castelman-unifocale-r\u00e9trop\u00e9riton\u00e9ale.pdf\">D CC uro-gyn\u00e9co Maladie de Castelman unifocale r\u00e9trop\u00e9riton\u00e9ale<\/a><\/li><li><a href=\"http:\/\/onclepaul.fr\/wp-content\/uploads\/2011\/07\/Ph\u00e9ochromocytomes-et-paragangliomes.pdf\">LM CC ph\u00e9ochromocytomes et paragangliomes<\/a><\/li><li><a href=\"http:\/\/onclepaul.fr\/wp-content\/uploads\/2011\/07\/Rendu-Osler-cholangite-isch\u00e9mique41.pdf\">D CC Rendu-Osler-cholangite-isch\u00e9mique<\/a><\/li><li><a href=\"http:\/\/onclepaul.fr\/wp-content\/uploads\/2011\/07\/Ateinte-hepatique-MRO-11.pdf\">LM CC Maladie de Rendu-Osler -Weber&nbsp;<\/a><\/li><li><a href=\"http:\/\/onclepaul.fr\/wp-content\/uploads\/2011\/07\/p\u00e9riart\u00e9rite-noueuse-atteintes-digestives.pdf\">LM CC p\u00e9riart\u00e9rite noueuse atteintes digestives<\/a><\/li><li><a href=\"http:\/\/onclepaul.fr\/wp-content\/uploads\/2011\/07\/imagerie-de-lamylo\u00efdose-visc\u00e9rale3.pdf\">D CC dig Imagerie de l&rsquo;amylo\u00efdose visc\u00e9rale<\/a><\/li><li><a href=\"http:\/\/onclepaul.fr\/wp-content\/uploads\/2011\/07\/maladie-de-ErdheimChester2.pdf\">D CC histiocytose non langerhansienne maladie de Erdheim-Chester<\/a><\/li><li><a href=\"http:\/\/onclepaul.fr\/wp-content\/uploads\/2011\/07\/vascularite-testiculaire-PAN-et-TEP-CT-def1.pdf\">D CC uro-gyn\u00e9co .Vascularite testiculaire PAN et TEP-CT<\/a><\/li><li><a href=\"http:\/\/onclepaul.fr\/wp-content\/uploads\/2011\/07\/h\u00e9mangio-endoth\u00e9liome-\u00e9pithelio\u00efde-du-foie-def-2.pdf\">DCC dig&nbsp; h\u00e9mangio-endoth\u00e9liome \u00e9pithelio\u00efde du foie<\/a><\/li><li><a href=\"http:\/\/onclepaul.fr\/wp-content\/uploads\/2011\/07\/Syndrome-de-Churg-et-Strauss.pdf\">LM CC syndrome de Churg et Strauss<\/a><\/li><li><a href=\"http:\/\/onclepaul.fr\/wp-content\/uploads\/2011\/07\/atteintes-digestives-de-la-mucoviscidose.pdf\">LM CC atteintes digestives de la mucoviscidose<\/a><\/li><\/ul>\n","protected":false},"excerpt":{"rendered":"<p>LM CC multiorganes st\u00e9rotaxie-visc\u00e9rale-et-situs-inversus-complet LM CC multiorgane ent\u00e9rite lupique D CC multiorgane Erdheim-Chester LM CC &nbsp;multiorgane ph\u00e9ochromocytome et grossesse LM CC multiorgane sarco\u00efdose r\u00e9nale LM CC multiorgane fi\u00e8vre m\u00e9diterran\u00e9enne familiale LM CC multiorgane syndrome CREST LM CC multiorgane &nbsp;syndrome (vascularite) de Churg et Strauss LM CC multiorgane scl\u00e9rose tub\u00e9reuse de Bourneville l\u00e9sions r\u00e9nales LM CC &hellip; <\/p>\n<p><a class=\"more-link btn\" href=\"https:\/\/onclepaul.fr\/?page_id=36\">Lire la suite<\/a><\/p>\n","protected":false},"author":1,"featured_media":0,"parent":12680,"menu_order":20,"comment_status":"closed","ping_status":"closed","template":"","meta":[],"_links":{"self":[{"href":"https:\/\/onclepaul.fr\/index.php?rest_route=\/wp\/v2\/pages\/36"}],"collection":[{"href":"https:\/\/onclepaul.fr\/index.php?rest_route=\/wp\/v2\/pages"}],"about":[{"href":"https:\/\/onclepaul.fr\/index.php?rest_route=\/wp\/v2\/types\/page"}],"author":[{"embeddable":true,"href":"https:\/\/onclepaul.fr\/index.php?rest_route=\/wp\/v2\/users\/1"}],"replies":[{"embeddable":true,"href":"https:\/\/onclepaul.fr\/index.php?rest_route=%2Fwp%2Fv2%2Fcomments&post=36"}],"version-history":[{"count":9,"href":"https:\/\/onclepaul.fr\/index.php?rest_route=\/wp\/v2\/pages\/36\/revisions"}],"predecessor-version":[{"id":13073,"href":"https:\/\/onclepaul.fr\/index.php?rest_route=\/wp\/v2\/pages\/36\/revisions\/13073"}],"up":[{"embeddable":true,"href":"https:\/\/onclepaul.fr\/index.php?rest_route=\/wp\/v2\/pages\/12680"}],"wp:attachment":[{"href":"https:\/\/onclepaul.fr\/index.php?rest_route=%2Fwp%2Fv2%2Fmedia&parent=36"}],"curies":[{"name":"wp","href":"https:\/\/api.w.org\/{rel}","templated":true}]}}